s divided by 1014.
806
What is the remainder when 203834 is divided by 40760?
34
What is the remainder when 65890241 is divided by 1937948?
9
Calculate the remainder when 1330198 is divided by 2346.
16
Calculate the remainder when 1278050 is divided by 15397.
99
What is the remainder when 18305 is divided by 9089?
127
Calculate the remainder when 1537973 is divided by 8045.
1378
Calculate the remainder when 427878 is divided by 4322.
0
What is the remainder when 1564880 is divided by 223553?
9
Calculate the remainder when 727709 is divided by 242540.
89
Calculate the remainder when 353959840 is divided by 12.
4
What is the remainder when 3658763 is divided by 1734?
23
Calculate the remainder when 340058 is divided by 50.
8
Calculate the remainder when 77569561 is divided by 2127.
2125
Calculate the remainder when 404547 is divided by 101094.
171
Calculate the remainder when 2615940 is divided by 2615899.
41
What is the remainder when 16164320 is divided by 505135?
0
What is the remainder when 6572614 is divided by 34592?
134
What is the remainder when 20674777 is divided by 10337386?
5
Calculate the remainder when 6563124 is divided by 47.
44
What is the remainder when 6443884 is divided by 152?
148
What is the remainder when 15075 is divided by 13859?
1216
Calculate the remainder when 5525837 is divided by 581.
527
What is the remainder when 112891 is divided by 27?
4
What is the remainder when 9967 is divided by 1351?
510
Calculate the remainder when 15570 is divided by 1607.
1107
What is the remainder when 2056273 is divided by 413?
359
Calculate the remainder when 7073 is divided by 1693.
301
Calculate the remainder when 135900177 is divided by 60.
57
What is the remainder when 18568 is divided by 767?
160
What is the remainder when 141101 is divided by 23515?
11
What is the remainder when 70806 is divided by 408?
222
Calculate the remainder when 5264 is divided by 1190.
504
What is the remainder when 213649 is divided by 3009?
10
What is the remainder when 364995 is divided by 1?
0
What is the remainder when 170793 is divided by 1960?
273
What is the remainder when 4462764 is divided by 1487581?
21
What is the remainder when 25147281 is divided by 102?
99
Calculate the remainder when 279154 is divided by 68764.
4098
What is the remainder when 122611 is divided by 2879?
1693
What is the remainder when 15744024 is divided by 7871997?
30
Calculate the remainder when 1649689 is divided by 2492.
2477
Calculate the remainder when 26695194 is divided by 1176.
1170
Calculate the remainder when 1778832 is divided by 889410.
12
Calculate the remainder when 30829 is divided by 3967.
3060
What is the remainder when 544492 is divided by 18710?
1902
Calculate the remainder when 75886199 is divided by 460.
459
What is the remainder when 2843216 is divided by 79?
6
What is the remainder when 8054303 is divided by 424?
423
What is the remainder when 278895157 is divided by 294?
289
What is the remainder when 2510739 is divided by 126?
63
What is the remainder when 146511 is divided by 1040?
911
Calculate the remainder when 2764474 is divided by 154.
20
What is the remainder when 93834518 is divided by 130?
128
What is the remainder when 4331289 is divided by 1443660?
309
What is the remainder when 351685 is divided by 13519?
191
What is the remainder when 20513547 is divided by 12365?
12
What is the remainder when 228699 is divided by 9937?
148
What is the remainder when 2740041 is divided by 2918?
39
What is the remainder when 19921635 is divided by 1171860?
15
What is the remainder when 489749 is divided by 244855?
39
What is the remainder when 1324820 is divided by 61?
22
Calculate the remainder when 126840 is divided by 11530.
10
Calculate the remainder when 17163 is divided by 929.
441
What is the remainder when 154163 is divided by 79?
34
What is the remainder when 2437438 is divided by 61?
0
What is the remainder when 1982202 is divided by 2052?
2022
Calculate the remainder when 309240 is divided by 28008.
1152
What is the remainder when 1595832757 is divided by 619?
618
Calculate the remainder when 724039 is divided by 13.
4
Calculate the remainder when 2265812 is divided by 755217.
161
What is the remainder when 2169134 is divided by 74790?
224
What is the remainder when 3253 is divided by 1077?
22
Calculate the remainder when 10789046 is divided by 15960.
86
Calculate the remainder when 18166561 is divided by 4847.
5
Calculate the remainder when 460202 is divided by 4954.
4434
Calculate the remainder when 2958807 is divided by 837.
12
What is the remainder when 10526 is divided by 9845?
681
Calculate the remainder when 15138180 is divided by 303.
300
Calculate the remainder when 74146 is divided by 86.
14
What is the remainder when 53699939 is divided by 12?
11
What is the remainder when 1425818 is divided by 356447?
30
What is the remainder when 165662 is divided by 643?
411
Calculate the remainder when 5389536 is divided by 12652.
12436
What is the remainder when 961123 is divided by 31?
30
Calculate the remainder when 966301 is divided by 11236.
5
What is the remainder when 101264 is divided by 1219?
87
What is the remainder when 5058056 is divided by 55583?
3
Calculate the remainder when 14051732 is divided by 667.
43
Calculate the remainder when 4856609 is divided by 4856574.
35
What is the remainder when 470894 is divided by 925?
69
Calculate the remainder when 75290 is divided by 666.
32
Calculate the remainder when 15682642 is divided by 53.
48
Calculate the remainder when 5404722 is divided by 37.
21
What is the remainder when 4704734 is divided by 3397?
3286
Calculate the remainder when 634812 is divided by 1230.
132
Calculate the remainder when 67184037 is divided by 210.
207
What is the remainder when 12283801 is divided by 590?
1
What is the remainder when 25075248 is divided by 7243?
7225
Calculate the remainder when 7752446 is divided by 1107487.
37
Calculate the remainder when 9383296 is divided by 82.
36
What is the remainder when 450507 is divided by 8414?
4565
Calculate the remainder when 2149751 is divided by 285.
281
Calculate the remainder when 32657136 is divided by 538.
536
Calculate the remainder when 1026151 is divided by 24432.
7
Calculate the remainder when 21704223 is divided by 868167.
48
What is the remainder when 324866 is divided by 741?
308
Calculate the remainder when 32552 is divided by 9649.
3605
What is the remainder when 1094866 is divided by 60825?
16
What is the remainder when 7020094 is divided by 283?
279
Calculate the remainder when 17746304 is divided by 11050.
4
Calculate the remainder when 387947 is divided by 12120.
107
What is the remainder when 1576126 is divided by 2775?
2701
Calculate the remainder when 263274 is divided by 798.
732
Calculate the remainder when 107756 is divided by 17.
10
What is the remainder when 1941967 is divided by 1331?
38
What is the remainder when 51103 is divided by 1715?
1368
What is the remainder when 3154913 is divided by 2?
1
What is the remainder when 48889315 is divided by 24444653?
9
What is the remainder when 5827432 is divided by 2279?
29
Calculate the remainder when 3153 is divided by 818.
699
Calculate the remainder when 210489478 is divided by 90.
88
Calculate the remainder when 214223 is divided by 11810.
1643
Calculate the remainder when 2142489 is divided by 140.
69
Calculate the remainder when 3675208 is divided by 1420.
248
Calculate the remainder when 2646516 is divided by 11.
4
What is the remainder when 4087844 is divided by 1362475?
419
What is the remainder when 60172456 is divided by 123?
118
Calculate the remainder when 329395 is divided by 20152.
6963
What is the remainder when 72619221 is divided by 1845?
21
What is the remainder when 9501125 is divided by 15?
5
Calculate the remainder when 54856 is divided by 10564.
2036
Calculate the remainder when 48383964 is divided by 3048.
12
What is the remainder when 1830699 is divided by 253?
244
Calculate the remainder when 796868 is divided by 265618.
14
What is the remainder when 542668 is divided by 17501?
137
What is the remainder when 2724024 is divided by 159?
36
What is the remainder when 276928 is divided by 682?
36
What is the remainder when 190120741 is divided by 1297?
1293
Calculate 